{"id":75,"date":"2021-11-04T15:03:55","date_gmt":"2021-11-04T15:03:55","guid":{"rendered":"https:\/\/dementianursing.co.uk\/?page_id=75"},"modified":"2024-03-05T15:00:38","modified_gmt":"2024-03-05T15:00:38","slug":"links","status":"publish","type":"page","link":"https:\/\/thewidespectrum.co.uk\/?page_id=75","title":{"rendered":"Useful Links"},"content":{"rendered":"\n<div class=\"wp-block-group is-style-default has-background\" style=\"background-color:#67ade7;padding-top:10px;padding-right:10px;padding-bottom:10px;padding-left:10px\"><div class=\"wp-block-group__inner-container is-layout-flow wp-block-group-is-layout-flow\">\n<p class=\"has-text-align-center has-white-color has-text-color has-background has-small-font-size\" style=\"background-color:#67ade7;line-height:0\"><img loading=\"lazy\" decoding=\"async\" width=\"700\" height=\"165\" class=\"wp-image-10\" style=\"width: 700px;\" src=\"https:\/\/thewidespectrum.co.uk\/wp-content\/uploads\/2021\/11\/TWS_r1_c1.png\" alt=\"\" srcset=\"https:\/\/thewidespectrum.co.uk\/wp-content\/uploads\/2021\/11\/TWS_r1_c1.png 3052w, https:\/\/thewidespectrum.co.uk\/wp-content\/uploads\/2021\/11\/TWS_r1_c1-300x71.png 300w, https:\/\/thewidespectrum.co.uk\/wp-content\/uploads\/2021\/11\/TWS_r1_c1-1024x241.png 1024w, https:\/\/thewidespectrum.co.uk\/wp-content\/uploads\/2021\/11\/TWS_r1_c1-768x181.png 768w, https:\/\/thewidespectrum.co.uk\/wp-content\/uploads\/2021\/11\/TWS_r1_c1-1536x361.png 1536w, https:\/\/thewidespectrum.co.uk\/wp-content\/uploads\/2021\/11\/TWS_r1_c1-2048x482.png 2048w\" sizes=\"auto, (max-width: 700px) 100vw, 700px\" \/><br><br><br><strong> <\/strong><br><\/p>\n\n\n\n<div class=\"wp-block-buttons is-horizontal is-content-justification-center is-layout-flex wp-container-core-buttons-is-layout-ca6697a0 wp-block-buttons-is-layout-flex\" style=\"margin-top:0px;margin-bottom:0px\">\n<div class=\"wp-block-button has-custom-font-size is-style-fill\" style=\"font-size:15px\"><a class=\"wp-block-button__link has-background wp-element-button\" href=\"https:\/\/thewidespectrum.co.uk\/\" style=\"border-radius:20px;background-color:#0a75a2\">Home<br>  &#8211;<\/a><\/div>\n\n\n\n<div class=\"wp-block-button has-custom-font-size\" style=\"font-size:15px\"><a class=\"wp-block-button__link has-background wp-element-button\" href=\"https:\/\/thewidespectrum.co.uk\/?page_id=128\" style=\"border-radius:20px;background-color:#0a75a2\">About<br>&#8211;  <\/a><\/div>\n\n\n\n<div class=\"wp-block-button has-custom-font-size\" style=\"font-size:15px\"><a class=\"wp-block-button__link has-background wp-element-button\" href=\"https:\/\/thewidespectrum.co.uk\/?page_id=68\" style=\"border-radius:20px;background-color:#0a75a2\">Newsletters<br>&amp; Articles<\/a><\/div>\n\n\n\n<div class=\"wp-block-button has-custom-font-size is-style-fill\" style=\"font-size:15px\"><a class=\"wp-block-button__link has-background wp-element-button\" href=\"https:\/\/thewidespectrum.co.uk\/?page_id=571\" style=\"border-radius:20px;background-color:#0a75a2\">Videos <br>&#8211;<\/a><\/div>\n\n\n\n<div class=\"wp-block-button has-custom-font-size\" style=\"font-size:15px\"><a class=\"wp-block-button__link has-background wp-element-button\" href=\"https:\/\/thewidespectrum.co.uk\/?page_id=73\" style=\"border-radius:20px;background-color:#0a75a2\">Products<br>&#8211;  <\/a><\/div>\n\n\n\n<div class=\"wp-block-button has-custom-font-size is-style-fill\" style=\"font-size:15px\"><a class=\"wp-block-button__link has-background wp-element-button\" href=\"https:\/\/thewidespectrum.co.uk\/?page_id=70\" style=\"border-radius:20px;background-color:#0a75a2\">Courses<br>&amp; Events<\/a><\/div>\n\n\n\n<div class=\"wp-block-button has-custom-font-size is-style-fill\" style=\"font-size:15px\"><a class=\"wp-block-button__link has-background wp-element-button\" href=\"https:\/\/thewidespectrum.co.uk\/?page_id=75\" style=\"border-radius:20px;background-color:#0a75a2\">Useful <br>Links<\/a><\/div>\n\n\n<\/div>\n\n\n\n<p style=\"line-height:0\"><\/p>\n<\/div><\/div>\n\n\n\n<p><strong>Useful Links<\/strong><\/p>\n\n\n\n<figure id=\"AutoNumber1\" class=\"wp-block-table\"><table><tbody><tr><td><strong>The Alzheimer Caf\u00e9 and other Information<\/strong><br><br>The first Alzheimer Caf\u00e9 (AC) was started by Dr. B\u00e8re Miesen in the Netherlands in 1997.<br><br>Gemma Jones and Kandy Redwood co-founded the first UK Alzheimer Caf\u00e9 in Farnborough in 2000. Gemma is the current chair of the Charity CIO (&#8216;Charitable Incorporated Organisation&#8217;, no. 1165335).<br><br>The Alzheimer Caf\u00e9 UK is a small independent CIO (&#8216;Charitable Incorporated Organisation&#8217;, no. 1165335), which was established in 2008 to support the original Alzheimer Caf\u00e9 in the UK, and to help other Alzheimer Cafes to set up according to the original model. <br><br><br>Their website provides information about what an Alzheimer Caf\u00e9 is (AC), who they\u2019re for, what happens at them, how ACs started, the first AC in the UK, current ACs in the UK, related information and references and how to start one.<br><br>For the Alzheimer&#8217;s Cafe UK website click:<br><a href=\"http:\/\/www.alzheimercafe.co.uk\/\" target=\"_blank\" rel=\"noreferrer noopener\">http:\/\/www.alzheimercafe.co.uk<\/a><br>&nbsp;<br>email address:<br><a href=\"mailto:alzheimercafe@hotmail.co.uk\">alzheimercafe@hotmail.co.uk<\/a><br><br><br><br><br><br><br><br><br><br>&nbsp;&nbsp;&nbsp;&nbsp;&nbsp;&nbsp;&nbsp;&nbsp;&nbsp;&nbsp;&nbsp;&nbsp;&nbsp;&nbsp;&nbsp;&nbsp;&nbsp;&nbsp;&nbsp;&nbsp;<\/td><td><strong>&nbsp;Useful Links:<\/strong><br><br><strong>The&nbsp;Alzheimer Caf\u00e9 UK<\/strong><br>Website:&nbsp;<a href=\"http:\/\/www.alzheimercafe.co.uk\/\" target=\"_blank\" rel=\"noreferrer noopener\">http:\/\/www.alzheimercafe.co.uk<\/a><br><br><strong>Neil Mapes&#8217; \u2018Dementia Adventure\u2019<\/strong><br>Website:&nbsp;<a rel=\"noreferrer noopener\" href=\"http:\/\/www.dementiaadventure.com\/\" target=\"_blank\">http:\/\/www.dementiaadventure.com<\/a><br><br><strong>Alzheimer&#8217;s Society<\/strong><br>Website:&nbsp;<a rel=\"noreferrer noopener\" href=\"http:\/\/www.alzheimers.org.uk\/\" target=\"_blank\">http:\/\/www.alzheimers.org.uk<\/a><br>Email:&nbsp;<a href=\"mailto:info@alzheimers.org.uk\">info@alzheimers.org.uk<\/a><br><br><strong>Age UK<\/strong><br>Website:&nbsp;<a rel=\"noreferrer noopener\" href=\"https:\/\/www.ageuk.org.uk\/\" target=\"_blank\">https:\/\/www.ageuk.org.uk\/<\/a><br><br><strong>Carers UK<\/strong><br>Website:&nbsp;<a rel=\"noreferrer noopener\" href=\"http:\/\/www.carersuk.org\/\" target=\"_blank\">http:\/\/www.carersuk.org<\/a><br>Email:&nbsp;<a href=\"mailto:info@carersuk.org\">info@carersuk.org<\/a><br><br><strong>The Continence Foundation<\/strong><br>Website:&nbsp;<a rel=\"noreferrer noopener\" href=\"http:\/\/www.continence-foundation.org.uk\/\" target=\"_blank\">http:\/\/www.continence-foundation.org.uk<\/a><br>Email:&nbsp;<a href=\"mailto:info@bladderandbowelfoundation.org\">info@bladderandbowelfoundation.org<\/a><br><br><strong>Disabled Living Foundation<\/strong><br>Website:&nbsp;<a rel=\"noreferrer noopener\" href=\"http:\/\/www.dlf.org.uk\/\" target=\"_blank\">http:\/\/www.dlf.org.uk<\/a><br>Email:&nbsp;<a href=\"mailto:info@dlf.org.uk\">info@dlf.org.uk<\/a><br><br><strong>The Driver and Vehicle Licensing Agency (DVLA)&nbsp;<\/strong><br>Website:    <a href=\"https:\/\/www.gov.uk\/government\/organisations\/driver-and-vehicle-licensing-agency\" target=\"_blank\" rel=\"noreferrer noopener\">DVLA<\/a><br><br><strong>Elderly Accommodation Counsel<\/strong><br>Website:&nbsp;<a rel=\"noreferrer noopener\" href=\"http:\/\/www.housingcare.org\/\" target=\"_blank\">http:\/\/www.housingcare.org<\/a><br>Email:&nbsp;<a href=\"mailto:enquiries@e-a-c.demon.co.uk\">enquiries@eac.org.uk<\/a>&nbsp;<\/td><\/tr><tr><\/tr><\/tbody><\/table><\/figure>\n\n\n\n<p><\/p>\n","protected":false},"excerpt":{"rendered":"<p>Useful Links The Alzheimer Caf\u00e9 and other Information The first Alzheimer Caf\u00e9 (AC) was started by Dr. B\u00e8re Miesen in the Netherlands in 1997. Gemma Jones and Kandy Redwood co-founded the first UK Alzheimer Caf\u00e9 in Farnborough in 2000. Gemma is the current chair of the Charity CIO (&#8216;Charitable Incorporated Organisation&#8217;, no. 1165335). The Alzheimer [&hellip;]<\/p>\n","protected":false},"author":1,"featured_media":0,"parent":234,"menu_order":0,"comment_status":"closed","ping_status":"closed","template":"","meta":{"footnotes":""},"class_list":["post-75","page","type-page","status-publish","hentry"],"_links":{"self":[{"href":"https:\/\/thewidespectrum.co.uk\/index.php?rest_route=\/wp\/v2\/pages\/75","targetHints":{"allow":["GET"]}}],"collection":[{"href":"https:\/\/thewidespectrum.co.uk\/index.php?rest_route=\/wp\/v2\/pages"}],"about":[{"href":"https:\/\/thewidespectrum.co.uk\/index.php?rest_route=\/wp\/v2\/types\/page"}],"author":[{"embeddable":true,"href":"https:\/\/thewidespectrum.co.uk\/index.php?rest_route=\/wp\/v2\/users\/1"}],"replies":[{"embeddable":true,"href":"https:\/\/thewidespectrum.co.uk\/index.php?rest_route=%2Fwp%2Fv2%2Fcomments&post=75"}],"version-history":[{"count":6,"href":"https:\/\/thewidespectrum.co.uk\/index.php?rest_route=\/wp\/v2\/pages\/75\/revisions"}],"predecessor-version":[{"id":657,"href":"https:\/\/thewidespectrum.co.uk\/index.php?rest_route=\/wp\/v2\/pages\/75\/revisions\/657"}],"up":[{"embeddable":true,"href":"https:\/\/thewidespectrum.co.uk\/index.php?rest_route=\/wp\/v2\/pages\/234"}],"wp:attachment":[{"href":"https:\/\/thewidespectrum.co.uk\/index.php?rest_route=%2Fwp%2Fv2%2Fmedia&parent=75"}],"curies":[{"name":"wp","href":"https:\/\/api.w.org\/{rel}","templated":true}]}}